{"id":788,"date":"2025-07-22T12:29:25","date_gmt":"2025-07-22T09:29:25","guid":{"rendered":"https:\/\/aeromacaviation.com\/?page_id=788"},"modified":"2025-07-22T12:29:26","modified_gmt":"2025-07-22T09:29:26","slug":"guidence","status":"publish","type":"page","link":"https:\/\/aeromacaviation.com\/index.php\/guidence\/","title":{"rendered":"Guidence"},"content":{"rendered":"<div class=\"wp-block-image\">\n<figure class=\"aligncenter size-large is-resized\"><img loading=\"lazy\" decoding=\"async\" width=\"1024\" height=\"439\" src=\"https:\/\/aeromacaviation.com\/wp-content\/uploads\/2025\/07\/MK81-3-1024x439.jpeg\" alt=\"\" class=\"wp-image-757\" style=\"width:700px;height:auto\" srcset=\"https:\/\/aeromacaviation.com\/wp-content\/uploads\/2025\/07\/MK81-3-1024x439.jpeg 1024w, https:\/\/aeromacaviation.com\/wp-content\/uploads\/2025\/07\/MK81-3-300x129.jpeg 300w, https:\/\/aeromacaviation.com\/wp-content\/uploads\/2025\/07\/MK81-3-768x329.jpeg 768w, https:\/\/aeromacaviation.com\/wp-content\/uploads\/2025\/07\/MK81-3-1536x659.jpeg 1536w, https:\/\/aeromacaviation.com\/wp-content\/uploads\/2025\/07\/MK81-3-990x424.jpeg 990w, https:\/\/aeromacaviation.com\/wp-content\/uploads\/2025\/07\/MK81-3.jpeg 1600w\" sizes=\"auto, (max-width: 1024px) 100vw, 1024px\" \/><\/figure><\/div>\n\n\n<p>Hareketli kanat\u00e7\u0131klar ve kanat\u00e7\u0131k y\u00f6nlendirme sistemleri ile standart m\u00fchimmat\u0131\u0131n g\u00fcd\u00fcml\u00fc hale d\u00f6n\u00fc\u015ft\u00fcr\u00fclmesi<\/p>\n","protected":false},"excerpt":{"rendered":"<p>Hareketli kanat\u00e7\u0131klar ve kanat\u00e7\u0131k y\u00f6nlendirme sistemleri ile standart m\u00fchimmat\u0131\u0131n g\u00fcd\u00fcml\u00fc hale d\u00f6n\u00fc\u015ft\u00fcr\u00fclmesi<\/p>\n","protected":false},"author":1,"featured_media":0,"parent":0,"menu_order":0,"comment_status":"closed","ping_status":"closed","template":"","meta":{"footnotes":""},"class_list":["post-788","page","type-page","status-publish","hentry"],"_links":{"self":[{"href":"https:\/\/aeromacaviation.com\/index.php\/wp-json\/wp\/v2\/pages\/788","targetHints":{"allow":["GET"]}}],"collection":[{"href":"https:\/\/aeromacaviation.com\/index.php\/wp-json\/wp\/v2\/pages"}],"about":[{"href":"https:\/\/aeromacaviation.com\/index.php\/wp-json\/wp\/v2\/types\/page"}],"author":[{"embeddable":true,"href":"https:\/\/aeromacaviation.com\/index.php\/wp-json\/wp\/v2\/users\/1"}],"replies":[{"embeddable":true,"href":"https:\/\/aeromacaviation.com\/index.php\/wp-json\/wp\/v2\/comments?post=788"}],"version-history":[{"count":1,"href":"https:\/\/aeromacaviation.com\/index.php\/wp-json\/wp\/v2\/pages\/788\/revisions"}],"predecessor-version":[{"id":789,"href":"https:\/\/aeromacaviation.com\/index.php\/wp-json\/wp\/v2\/pages\/788\/revisions\/789"}],"wp:attachment":[{"href":"https:\/\/aeromacaviation.com\/index.php\/wp-json\/wp\/v2\/media?parent=788"}],"curies":[{"name":"wp","href":"https:\/\/api.w.org\/{rel}","templated":true}]}}